264410 a multiple of 63?
True
Is 107 a factor of 8162923?
True
Does 169 divide 3651144?
False
Is 286 a factor of 17791197?
False
Is 70 a factor of 62370?
True
Does 30 divide 1379116?
False
Is 10 a factor of 1164706?
False
Is 98475 a multiple of 303?
True
Does 43 divide 229964?
True
Is 86 a factor of 403424?
False
Is 65000 a multiple of 20?
True
Is 88214 a multiple of 10?
False
Does 43 divide 9032924?
True
Is 85716 a multiple of 16?
False
Does 46 divide 46000?
True
Is 771980 a multiple of 44?
True
Is 285741 a multiple of 187?
False
Does 523 divide 986260?
False
Does 22 divide 2023048?
False
Is 301036 a multiple of 111?
False
Does 392 divide 5235378?
False
Does 2 divide 269511?
False
Is 9707590 a multiple of 10?
True
Is 1150705 a multiple of 117?
False
Is 45 a factor of 121815?
True
Is 169 a factor of 112554?
True
Does 72 divide 104786?
False
Does 3 divide 405636?
True
Is 12 a factor of 110234?
False
Is 12 a factor of 5673768?
True
Is 120 a factor of 143040?
True
Is 40 a factor of 52836?
False
Does 5 divide 2787542?
False
Is 10 a factor of 100260?
True
Does 1550 divide 14504900?
True
Does 441 divide 443721?
False
Is 528 a factor of 4326960?
True
Is 1244559 a multiple of 3?
True
Is 1340242 a multiple of 113?
False
Is 504 a factor of 8221752?
True
Does 61 divide 16409?
True
Is 144569 a multiple of 219?
False
Is 8015545 a multiple of 13?
False
Does 92 divide 515268?
False
Is 133 a factor of 38602?
False
Is 39 a factor of 501228?
True
Is 507949 a multiple of 533?
True
Is 6529598 a multiple of 752?
False
Is 3 a factor of 24634?
False
Is 752094 a multiple of 127?
True
Does 724 divide 515350?
False
Is 27195 a multiple of 259?
True
Is 178 a factor of 3540?
False
Is 1927100 a multiple of 50?
True
Is 117 a factor of 128817?
True
Does 254 divide 375569?
False
Is 445137 a multiple of 19?
False
Is 303 a factor of 36360?
True
Is 7 a factor of 156790?
False
Is 834 a factor of 3624564?
True
Is 5767559 a multiple of 881?
False
Is 83559 a multiple of 7?
True
Is 58 a factor of 6674542?
False
Does 27 divide 111968?
False
Is 557 a factor of 1672751?
False
Is 145 a factor of 1298834?
False
Is 154 a factor of 457873?
False
Does 20 divide 286833?
False
Is 166267 a multiple of 23?
True
Is 526 a factor of 56488?
False
Is 863323 a multiple of 123?
False
Is 87808 a multiple of 64?
True
Does 1090 divide 11933023?
False
Is 291 a factor of 131532?
True
Is 52 a factor of 123411?
False
Is 26785 a multiple of 20?
False
Does 11 divide 22541501?
False
Is 61 a factor of 11093277?
True
Is 9 a factor of 148815?
True
Does 5 divide 1032220?
True
Does 174 divide 3985069?
False
Is 477170 a multiple of 94?
False
Is 3736113 a multiple of 147?
False
Is 13 a factor of 25856170?
False
Is 208624 a multiple of 10?
False
Does 56 divide 1061013?
False
Is 8388962 a multiple of 89?
True
Is 57 a factor of 21160452?
True
Does 19 divide 18872415?
True
Is 713 a factor of 1929378?
True
Does 59 divide 156549?
False
Is 658 a factor of 1995056?
True
Is 22188332 a multiple of 34?
True
Does 31 divide 215884?
True
Does 68 divide 7065823?
False
Does 371 divide 35245?
True
Does 32 divide 10148960?
True
Does 31 divide 589361?
False
Is 740500 a multiple of 4?
True
Does 30 divide 1366140?
True
Does 253 divide 3365154?
False
Is 66286 a multiple of 23?
True
Is 262191 a multiple of 51?
True
Is 78 a factor of 614606?
False
Is 36810 a multiple of 5?
True
Is 806706 a multiple of 27?
True
Does 19 divide 3375729?
False
Is 364437 a multiple of 3?
True
Is 152 a factor of 7010980?
False
Is 33 a factor of 55440?
True
Is 7157260 a multiple of 22?
True
Is 4350536 a multiple of 1052?
False
Is 3695 a multiple of 5?
True
Is 215415 a multiple of 327?
False
Does 15 divide 53685?
True
Is 10 a factor of 293280?
True
Is 5 a factor of 25518?
False
Is 100 a factor of 222950?
False
Is 5437496 a multiple of 76?
True
Is 141 a factor of 11928450?
False
Is 1611389 a multiple of 15?
False
Is 2771272 a multiple of 1042?
False
Does 34 divide 901782?
True
Does 356 divide 2294420?
True
Is 994497 a multiple of 69?
True
Does 23 divide 107889?
False
Is 108106 a multiple of 382?
True
Does 4 divide 4237936?
True
Does 13 divide 18650?
False
Is 140 a factor of 2420460?
True
Does 11 divide 91062?
False
Does 31 divide 7187693?
False
Is 664342 a multiple of 41?
False
Does 21 divide 6426500?
False
Is 241029 a multiple of 237?
True
Is 155220 a multiple of 54?
False
Is 639 a factor of 14058?
True
Is 883234 a multiple of 209?
True
Is 6 a factor of 470130?
True
Does 9 divide 71127?
True
Does 456 divide 3397200?
True
Is 72 a factor of 148968?
True
Does 7 divide 60184?
False
Is 731139 a multiple of 27?
False
Does 63 divide 193536?
True
Does 15 divide 1194075?
True
Is 91 a factor of 1310882?
False
Does 33 divide 41349?
True
Is 12364 a multiple of 134?
False
Does 7 divide 32900?
True
Is 1338124 a multiple of 44?
False
Does 33 divide 45896?
False
Is 4254 a multiple of 21?
False
Is 403 a factor of 717009?
False
Does 91 divide 26390?
True
Is 70 a factor of 15445349?
False
Is 145744 a multiple of 110?
False
Is 49419 a multiple of 131?
False
Is 9012335 a multiple of 286?
False
Is 496 a factor of 2068652?
False
Is 11 a factor of 47542?
True
Is 72198 a multiple of 21?
True
Is 433 a factor of 490156?
True
Is 2583406 a multiple of 6?
False
Does 9 divide 42875?
False
Is 7 a factor of 176880?
False
Is 536 a factor of 8089312?
True
Is 65871 a multiple of 117?
True
Does 7 divide 161270?
False
Does 150 divide 3530750?
False
Is 111 a factor of 108447?
True
Does 9 divide 9765?
True
Does 61 divide 558272?
True
Is 564 a factor of 1270692?
True
Is 22829 a multiple of 21?
False
Is 89159 a multiple of 19?
False
Does 49 divide 52385?
False
Does 33 divide 2557335?
True
Does 15 divide 55787?
False
Does 115 divide 1632400?
False
Is 320 a factor of 14951922?
False
Is 76 a factor of 1801048?
True
Does 17 divide 1128588?
False
Is 115801 a multiple of 1631?
True
Does 13 divide 87159?
False
Does 118 divide 37208?
False
Does 61 divide 15129403?
True
Is 540 a factor of 52380?
True
Does 7 divide 648817?
False
Does 31 divide 423916?
False
Does 18 divide 458478?
True
Does 163 divide 1520685?
False
Is 165 a factor of 2380257?
False
Is 2470156 a multiple of 268?
True
Is 109772 a multiple of 12?
False
Does 112 divide 10942176?
True
Is 23 a factor of 9561046?
False
Does 53 divide 69430?
True
Does 1068 divide 2099812?
False
Is 622 a factor of 8832393?
False
Is 90851 a multiple of 4?
False
Is 3260023 a multiple of 13?
True
Does 99 divide 30713273?
False
Does 62 divide 206096?
False
Is 944 a factor of 5662432?
False
Does 1105 divide 2140940?
False
Is 26 a factor of 8164936?
True
Is 40 a factor of 4103277?
False
Is 53 a factor of 39339?
False
Is 12347720 a multiple of 1045?
True
Is 121 a factor of 49005?
True
Is 1787 a factor of 8684412?
False
Is 330291 a multiple of 9?
True
Is 454 a factor of 628904?
False
Is 939 a factor of 11269878?
True
Does 45 divide 231795?
True
Is 40 a factor of 1144560?
True
Does 3 divide 30772?
False
Is 254 a factor of 4682204?
False
Is 68646 a multiple of 34?
True
Does 77 divide 967582?
True
Is 285739 a multiple of 94?
False
Is 10648 a multiple of 44?
True
Does 127 divide 516509?
True
Is 9 a factor of 2556567?
True
Is 155848 a multiple of 308?
True
Is 1167064 a multiple of 226?
True
Is 418438 a multiple of 34?
True
Is 32 a factor of 404236?
False
Is 28 a factor of 100282?
False
Does 145 divide 5202?
False
Does 21 divide 88290?
False
Is 64965 a multiple of 3?
True
Does 22 divide 699631?
False
Is 7 a factor of 361329?
False
Is 544578 a multiple of 51?
True
Does 30 divide 205140?
True
Does 6 divide 10764450?
True
Does 98 divide 4341?
False
Is 102134 a multiple of 229?
True
Is 6915609 a multiple of 5?
False
Does 1012 divide 6185451?
False
Is 1514354 a multiple of 9?
False
Does 20 divide 1504?
False
Does 271 divide 1824372?
True
Does 55 divide 223109?
False
Is 26 a factor of 353564?
False
Is 822719 a multiple of 43?
True
Is 138 a factor of 566864?
False
Is 12892 a multiple of 32?
False
Is 50132 a multiple of 6?
False
Does 5 divide 141935?
True
Does 387 divide 240327?
True
Is 273 a factor of 213010?
False
Does 339 divide 2226213?
True
Is 16454 a multiple of 9?
False
Does 18 divide 258805?
False
Is 31 a factor of 102425?
False
Is 3536478 a multiple of 66?
True
Does 124 divide 116560?